{"id":1741,"date":"2024-01-15T23:07:41","date_gmt":"2024-01-15T23:07:41","guid":{"rendered":"https:\/\/bouwservicemeisen.nl\/?page_id=1741"},"modified":"2024-02-19T01:58:05","modified_gmt":"2024-02-19T01:58:05","slug":"remeha-mercuria-ace-monoblock","status":"publish","type":"page","link":"https:\/\/bouwservicemeisen.nl\/?page_id=1741","title":{"rendered":"Remeha Mercuria Ace Monoblock All Electric"},"content":{"rendered":"\t\t<div data-elementor-type=\"wp-page\" data-elementor-id=\"1741\" class=\"elementor elementor-1741\" data-elementor-post-type=\"page\">\n\t\t\t\t<div class=\"elementor-element elementor-element-c89bdef e-flex e-con-boxed e-con e-parent\" data-id=\"c89bdef\" data-element_type=\"container\" data-e-type=\"container\">\n\t\t\t\t\t<div class=\"e-con-inner\">\n\t\t\t\t<div class=\"elementor-element elementor-element-1006e4f elementor-widget elementor-widget-image\" data-id=\"1006e4f\" data-element_type=\"widget\" data-e-type=\"widget\" data-widget_type=\"image.default\">\n\t\t\t\t<div class=\"elementor-widget-container\">\n\t\t\t\t\t\t\t\t\t\t\t\t\t\t\t<img fetchpriority=\"high\" decoding=\"async\" width=\"300\" height=\"300\" src=\"https:\/\/bouwservicemeisen.nl\/wp-content\/uploads\/2023\/11\/Remeha_Mercuria_Ace_All_electric_monoblock-300x300.webp\" class=\"attachment-medium size-medium wp-image-221\" alt=\"Remeha_Mercuria_Ace_All_Electric_Monoblock_Warmtepomp_Limburg\" srcset=\"https:\/\/bouwservicemeisen.nl\/wp-content\/uploads\/2023\/11\/Remeha_Mercuria_Ace_All_electric_monoblock-300x300.webp 300w, https:\/\/bouwservicemeisen.nl\/wp-content\/uploads\/2023\/11\/Remeha_Mercuria_Ace_All_electric_monoblock-150x150.webp 150w, https:\/\/bouwservicemeisen.nl\/wp-content\/uploads\/2023\/11\/Remeha_Mercuria_Ace_All_electric_monoblock-768x768.webp 768w, https:\/\/bouwservicemeisen.nl\/wp-content\/uploads\/2023\/11\/Remeha_Mercuria_Ace_All_electric_monoblock.webp 900w\" sizes=\"(max-width: 300px) 100vw, 300px\" \/>\t\t\t\t\t\t\t\t\t\t\t\t\t\t\t<\/div>\n\t\t\t\t<\/div>\n\t\t\t\t<div class=\"elementor-element elementor-element-d8abe89 elementor-widget elementor-widget-spacer\" data-id=\"d8abe89\" data-element_type=\"widget\" data-e-type=\"widget\" data-widget_type=\"spacer.default\">\n\t\t\t\t<div class=\"elementor-widget-container\">\n\t\t\t\t\t\t\t<div class=\"elementor-spacer\">\n\t\t\t<div class=\"elementor-spacer-inner\"><\/div>\n\t\t<\/div>\n\t\t\t\t\t\t<\/div>\n\t\t\t\t<\/div>\n\t\t\t\t<div class=\"elementor-element elementor-element-352f9a2 elementor-widget elementor-widget-text-editor\" data-id=\"352f9a2\" data-element_type=\"widget\" data-e-type=\"widget\" data-widget_type=\"text-editor.default\">\n\t\t\t\t<div class=\"elementor-widget-container\">\n\t\t\t\t\t\t\t\t\t<h1>Remeha Mercuria Ace Monoblock All Electric Warmtepomp<\/h1><h3>Mercuria Ace Monoblock<\/h3><p>De Remeha Mercuria Ace Monoblock All Electric is een compacte lucht-water warmtepomp die zowel in een volledig elektrische variant als in een hybride versie beschikbaar is. Bij de hybride variant wordt de warmtepomp gecombineerd met een andere warmtebron, zoals een cv-ketel.<\/p><p>Deze warmtepomp is verkrijgbaar met een vermogen van 4 kW tot en met 16 kW en is beschikbaar in zowel enkelfase als driefase uitvoeringen. Dit maakt de Mercuria Ace Monoblock een veelzijdige optie die geschikt is voor diverse toepassingen, van nieuwbouwprojecten tot renovaties.<\/p><p>Wanneer er tijdens koude periodes extra verwarmingscapaciteit nodig is, kan de warmtepomp elektrisch bijverwarmen of, in het geval van de hybride variant, ondersteuning bieden met een cv-ketel. Dit systeem is niet alleen effici\u00ebnt in het verwarmen van je huis, maar kan ook meerdere verwarmingscircuits aansturen. Bovendien biedt de Mercuria Ace Monoblock tijdens de zomermaanden de mogelijkheid om je woning actief te koelen, wat zorgt voor een optimaal binnenklimaat het hele jaar door.<\/p><h3>Wat is een monoblock lucht\/water warmtepomp?<\/h3><p>De Mercuria Ace Monoblock is een type lucht\/water warmtepomp waarbij de energieopwekking en de warmteoverdracht aan het afgiftesysteem in \u00e9\u00e9n buitenunit zijn ge\u00efntegreerd. Dit houdt in dat er tussen de buiten- en binnenunit geen leidingen met koudemiddel nodig zijn. Hierdoor zijn er geen F-gas gecertificeerde werkzaamheden vereist voor de installatie van deze monoblock warmtepomp. De warmte of koude wordt in de buitenunit rechtstreeks overgedragen aan watergevulde leidingen, die vervolgens de warmte naar binnen leiden. Dankzij een ingebouwde antivorstregeling wordt voorkomen dat de watergevulde leidingen bevriezen.<\/p><h3>Ace platform met eSMART Inside &#8211; intelligente aansturing<\/h3><p>De Mercuria Ace monoblock onderscheidt zich door de integratie van het geavanceerde eSMART Inside besturingssysteem. Dit systeem symboliseert de uitgebreide digitale capaciteiten die Remeha nu en in de toekomst aanbiedt, om onze apparaten niet alleen slimmer te maken, maar ook energie-effici\u00ebnter. Dit biedt jou de kans om meer rendement uit je werk te halen en tegelijkertijd kosten te verlagen.<\/p><p>Het eSMART Inside besturingsplatform van Remeha vereenvoudigt het hele proces aanzienlijk. Dankzij een intelligente structuur van het platform, is de besturing in elk Ace-apparaat identiek. Dit betekent dat je kunt rekenen op een gestroomlijnde manier van werken en een installatie die vrijwel direct klaar is voor gebruik.<\/p><div class=\"text Brand Class has-text-align-center cms-textblock--centered\"><h3>Prestaties Mercuria Ace MB<\/h3><\/div><div class=\"text Brand Class \"><div class=\"scrollable table-responsive\"><div class=\"scrollable table-responsive\"><div class=\"scrollable table-responsive\"><div class=\"scrollable table-responsive\"><div><table><tbody><tr><td>\u00a0<\/td><td><strong>Eenheid<\/strong><\/td><td><strong>4 MR<\/strong><\/td><td><strong>6 MR<\/strong><\/td><td><strong>8 MR<\/strong><\/td><td><strong>10 MR<\/strong><\/td><td><strong>12 TR<\/strong><\/td><td><strong>16 TR<\/strong><\/td><\/tr><tr><td><strong>Buitenunit<\/strong><\/td><td>\u00a0<\/td><td>\u00a0<\/td><td>\u00a0<\/td><td>\u00a0<\/td><td>\u00a0<\/td><td>\u00a0<\/td><td>\u00a0<\/td><\/tr><tr><td>Verwarmingsvermogen bij +7 graden \/ +35 graden<\/td><td>kW<\/td><td>4,2<\/td><td>6,35<\/td><td>8,4<\/td><td>10<\/td><td>12,1<\/td><td>15,9<\/td><\/tr><tr><td>COP bij +7 graden \/ +35 graden<\/td><td>\u00a0<\/td><td>5,1<\/td><td>4,95<\/td><td>5,15<\/td><td>4,95<\/td><td>4,95<\/td><td>4,5<\/td><\/tr><tr><td>Elektrisch vermogen bij +7 graden \/ +35 graden<\/td><td>kWe<\/td><td>0,82<\/td><td>1,28<\/td><td>1,63<\/td><td>2,02<\/td><td>2,44<\/td><td>3,53<\/td><\/tr><tr><td>Vermogen elektrische weerstand (versie E)<\/td><td>kW<\/td><td>3-6<\/td><td>3-6<\/td><td>3-6<\/td><td>3-6<\/td><td>3-6<\/td><td>3-6<\/td><\/tr><tr><td>Koudemiddel R32<\/td><td>kg<\/td><td>1,4<\/td><td>1,4<\/td><td>1,4<\/td><td>1,4<\/td><td>1,75<\/td><td>1,75<\/td><\/tr><tr><td>Gewicht leeg buitenunit<\/td><td>kg<\/td><td>86<\/td><td>86<\/td><td>105<\/td><td>105<\/td><td>144<\/td><td>144<\/td><\/tr><tr><td>\u00a0<\/td><td>\u00a0<\/td><td>\u00a0<\/td><td>\u00a0<\/td><td>\u00a0<\/td><td>\u00a0<\/td><td>\u00a0<\/td><td>\u00a0<\/td><\/tr><tr><td><strong>Binnenunit (H \/ E)<\/strong><\/td><td>\u00a0<\/td><td>\u00a0<\/td><td>\u00a0<\/td><td>\u00a0<\/td><td>\u00a0<\/td><td>\u00a0<\/td><td>\u00a0<\/td><\/tr><tr><td>Gewicht leeg binnenunit<\/td><td>kg<\/td><td>28,3 \/ 28,8<\/td><td>28,3 \/ 28,8<\/td><td>28,3 \/ 28,8<\/td><td>28,3 \/ 28,8<\/td><td>28,3 \/ 28,8<\/td><td>28,3 \/ 28,8<\/td><\/tr><\/tbody><\/table><\/div><\/div><\/div><\/div><\/div><\/div><h5><strong>Interesse in deze warmtepomp inclusief vakkundige installatie?<\/strong><\/h5><p>We adviseren om altijd een parallel geschakeld buffervat toe te passen voorzien van circulatiepomp en van voldoende afmeting, bij installatie van een all electric warmtepomp. Tijdens een kosteloze en vrijblijvende schouw vertellen we je graag meer over de voordelen, mogelijkheden en afmetingen van een buffervat.<br \/><br \/>BM duurzame technische installaties adviseert en installeert de Remeha Mercuria Ace Monoblock all electric warmtepomp in Limburg &amp; Noord Brabant.<\/p><p>Onze standaard garantie is 2 jaar, i.c.m. een onderhoudscontract wordt de garantie verlengt naar 3 jaar. vraag naar onze voorwaarden.<\/p><p>Ons advies is om tevens te kiezen voor de Remeha eTwist thermostaat. Deze optie is verplicht in combinatie met ons aanbevolen\u00a0<a href=\"https:\/\/bouwservicemeisen.nl\/?page_id=1559\">onderhoudscontract<\/a>. De slimme design thermostaat is bedienbaar middels een handige app en communiceert het beste met de warmtepomp. De Elga Ace hybride warmtepomp is in staat om storingen aan ons door te geven middels de Gateway en Remeha Connect, op deze manier kunnen wij je van de best mogelijke service voorzien. Wij monitoren je systeem op afstand en nemen contact met je op in het geval dat een storing zich voordoet. <br \/>Nu tijdelijk een <strong>gratis eTwist thermostaat<\/strong> i.c.m. met een Remeha Mercuria warmtepomp.<\/p><p>Neem\u00a0<a href=\"https:\/\/bouwservicemeisen.nl\/?page_id=163\">contact<\/a> op met BM Duurzame Technische Installaties bij interesse in een Remeha Mercuria Ace MB All Electric warmtepomp. Onze adviseur helpt je graag verder.<\/p>\t\t\t\t\t\t\t\t<\/div>\n\t\t\t\t<\/div>\n\t\t\t\t<div class=\"elementor-element elementor-element-513d620 elementor-widget elementor-widget-spacer\" data-id=\"513d620\" data-element_type=\"widget\" data-e-type=\"widget\" data-widget_type=\"spacer.default\">\n\t\t\t\t<div class=\"elementor-widget-container\">\n\t\t\t\t\t\t\t<div class=\"elementor-spacer\">\n\t\t\t<div class=\"elementor-spacer-inner\"><\/div>\n\t\t<\/div>\n\t\t\t\t\t\t<\/div>\n\t\t\t\t<\/div>\n\t\t\t\t<div class=\"elementor-element elementor-element-149851e elementor-align-center elementor-widget elementor-widget-button\" data-id=\"149851e\" data-element_type=\"widget\" data-e-type=\"widget\" data-widget_type=\"button.default\">\n\t\t\t\t<div class=\"elementor-widget-container\">\n\t\t\t\t\t\t\t\t\t<div class=\"elementor-button-wrapper\">\n\t\t\t\t\t<a class=\"elementor-button elementor-button-link elementor-size-md\" href=\"https:\/\/bouwservicemeisen.nl\/?page_id=159\">\n\t\t\t\t\t\t<span class=\"elementor-button-content-wrapper\">\n\t\t\t\t\t\t\t\t\t<span class=\"elementor-button-text\">Adviesgesprek Aanvragen<\/span>\n\t\t\t\t\t<\/span>\n\t\t\t\t\t<\/a>\n\t\t\t\t<\/div>\n\t\t\t\t\t\t\t\t<\/div>\n\t\t\t\t<\/div>\n\t\t\t\t\t<\/div>\n\t\t\t\t<\/div>\n\t\t<div class=\"elementor-element elementor-element-fa8811b e-flex e-con-boxed e-con e-parent\" data-id=\"fa8811b\" data-element_type=\"container\" data-e-type=\"container\">\n\t\t\t\t\t<div class=\"e-con-inner\">\n\t\t\t\t<div class=\"elementor-element elementor-element-6c1f53e elementor-widget elementor-widget-spacer\" data-id=\"6c1f53e\" data-element_type=\"widget\" data-e-type=\"widget\" data-widget_type=\"spacer.default\">\n\t\t\t\t<div class=\"elementor-widget-container\">\n\t\t\t\t\t\t\t<div class=\"elementor-spacer\">\n\t\t\t<div class=\"elementor-spacer-inner\"><\/div>\n\t\t<\/div>\n\t\t\t\t\t\t<\/div>\n\t\t\t\t<\/div>\n\t\t\t\t<div class=\"elementor-element elementor-element-ed95e4c elementor-widget elementor-widget-image\" data-id=\"ed95e4c\" data-element_type=\"widget\" data-e-type=\"widget\" data-widget_type=\"image.default\">\n\t\t\t\t<div class=\"elementor-widget-container\">\n\t\t\t\t\t\t\t\t\t\t\t\t\t\t\t<img decoding=\"async\" width=\"840\" height=\"840\" src=\"https:\/\/bouwservicemeisen.nl\/wp-content\/uploads\/2024\/02\/Rem_Merc_Ace_monoblock_warmtepomp_Limburg.webp\" class=\"attachment-large size-large wp-image-2752\" alt=\"Remeha_mercuria_Ace_Monoblock_all_electric_Limburg\" srcset=\"https:\/\/bouwservicemeisen.nl\/wp-content\/uploads\/2024\/02\/Rem_Merc_Ace_monoblock_warmtepomp_Limburg.webp 900w, https:\/\/bouwservicemeisen.nl\/wp-content\/uploads\/2024\/02\/Rem_Merc_Ace_monoblock_warmtepomp_Limburg-300x300.webp 300w, https:\/\/bouwservicemeisen.nl\/wp-content\/uploads\/2024\/02\/Rem_Merc_Ace_monoblock_warmtepomp_Limburg-150x150.webp 150w, https:\/\/bouwservicemeisen.nl\/wp-content\/uploads\/2024\/02\/Rem_Merc_Ace_monoblock_warmtepomp_Limburg-768x768.webp 768w\" sizes=\"(max-width: 840px) 100vw, 840px\" \/>\t\t\t\t\t\t\t\t\t\t\t\t\t\t\t<\/div>\n\t\t\t\t<\/div>\n\t\t\t\t\t<\/div>\n\t\t\t\t<\/div>\n\t\t\t\t<\/div>\n\t\t","protected":false},"excerpt":{"rendered":"<p>Remeha Mercuria Ace Monoblock All Electric Warmtepomp Mercuria Ace Monoblock De Remeha Mercuria Ace Monoblock All Electric is een compacte lucht-water warmtepomp die zowel in een volledig elektrische variant als in een hybride versie beschikbaar is. Bij de hybride variant wordt de warmtepomp gecombineerd met een andere warmtebron, zoals een cv-ketel. Deze warmtepomp is verkrijgbaar &#8230; <a title=\"Remeha Mercuria Ace Monoblock All Electric\" class=\"read-more\" href=\"https:\/\/bouwservicemeisen.nl\/?page_id=1741\" aria-label=\"Lees meer over Remeha Mercuria Ace Monoblock All Electric\">Read more<\/a><\/p>\n","protected":false},"author":1,"featured_media":0,"parent":0,"menu_order":0,"comment_status":"closed","ping_status":"closed","template":"","meta":{"footnotes":""},"class_list":["post-1741","page","type-page","status-publish"],"yoast_head":"<!-- This site is optimized with the Yoast SEO plugin v27.4 - https:\/\/yoast.com\/product\/yoast-seo-wordpress\/ -->\n<title>Remeha Mercuria Ace Monoblock All Electric - Bouwservice Meisen<\/title>\n<meta name=\"description\" content=\"Interesse in een Remeha Mercuria Ace Monoblock All Electric Warmtepomp? Start met besparen op je gasverbruik en vraag nu een offerte aan.\" \/>\n<meta name=\"robots\" content=\"index, follow, max-snippet:-1, max-image-preview:large, max-video-preview:-1\" \/>\n<link rel=\"canonical\" href=\"https:\/\/bouwservicemeisen.nl\/?page_id=1741\" \/>\n<meta property=\"og:locale\" content=\"nl_NL\" \/>\n<meta property=\"og:type\" content=\"article\" \/>\n<meta property=\"og:title\" content=\"Remeha Mercuria Ace Monoblock All Electric - Bouwservice Meisen\" \/>\n<meta property=\"og:description\" content=\"Interesse in een Remeha Mercuria Ace Monoblock All Electric Warmtepomp? Start met besparen op je gasverbruik en vraag nu een offerte aan.\" \/>\n<meta property=\"og:url\" content=\"https:\/\/bouwservicemeisen.nl\/?page_id=1741\" \/>\n<meta property=\"og:site_name\" content=\"Bouwservice Meisen\" \/>\n<meta property=\"article:modified_time\" content=\"2024-02-19T01:58:05+00:00\" \/>\n<meta property=\"og:image\" content=\"https:\/\/bouwservicemeisen.nl\/wp-content\/uploads\/2023\/11\/Remeha_Mercuria_Ace_All_electric_monoblock-300x300.webp\" \/>\n<meta name=\"twitter:card\" content=\"summary_large_image\" \/>\n<meta name=\"twitter:label1\" content=\"Verwachte leestijd\" \/>\n\t<meta name=\"twitter:data1\" content=\"4 minuten\" \/>\n<script type=\"application\/ld+json\" class=\"yoast-schema-graph\">{\"@context\":\"https:\\\/\\\/schema.org\",\"@graph\":[{\"@type\":\"WebPage\",\"@id\":\"https:\\\/\\\/bouwservicemeisen.nl\\\/?page_id=1741\",\"url\":\"https:\\\/\\\/bouwservicemeisen.nl\\\/?page_id=1741\",\"name\":\"Remeha Mercuria Ace Monoblock All Electric - Bouwservice Meisen\",\"isPartOf\":{\"@id\":\"https:\\\/\\\/bouwservicemeisen.nl\\\/#website\"},\"primaryImageOfPage\":{\"@id\":\"https:\\\/\\\/bouwservicemeisen.nl\\\/?page_id=1741#primaryimage\"},\"image\":{\"@id\":\"https:\\\/\\\/bouwservicemeisen.nl\\\/?page_id=1741#primaryimage\"},\"thumbnailUrl\":\"https:\\\/\\\/bouwservicemeisen.nl\\\/wp-content\\\/uploads\\\/2023\\\/11\\\/Remeha_Mercuria_Ace_All_electric_monoblock-300x300.webp\",\"datePublished\":\"2024-01-15T23:07:41+00:00\",\"dateModified\":\"2024-02-19T01:58:05+00:00\",\"description\":\"Interesse in een Remeha Mercuria Ace Monoblock All Electric Warmtepomp? Start met besparen op je gasverbruik en vraag nu een offerte aan.\",\"breadcrumb\":{\"@id\":\"https:\\\/\\\/bouwservicemeisen.nl\\\/?page_id=1741#breadcrumb\"},\"inLanguage\":\"nl-NL\",\"potentialAction\":[{\"@type\":\"ReadAction\",\"target\":[\"https:\\\/\\\/bouwservicemeisen.nl\\\/?page_id=1741\"]}]},{\"@type\":\"ImageObject\",\"inLanguage\":\"nl-NL\",\"@id\":\"https:\\\/\\\/bouwservicemeisen.nl\\\/?page_id=1741#primaryimage\",\"url\":\"https:\\\/\\\/bouwservicemeisen.nl\\\/wp-content\\\/uploads\\\/2023\\\/11\\\/Remeha_Mercuria_Ace_All_electric_monoblock.webp\",\"contentUrl\":\"https:\\\/\\\/bouwservicemeisen.nl\\\/wp-content\\\/uploads\\\/2023\\\/11\\\/Remeha_Mercuria_Ace_All_electric_monoblock.webp\",\"width\":900,\"height\":900,\"caption\":\"Wij adviseren en installeren Remeha Mercuria Ace Monoblock All Electric warmtepompen.\"},{\"@type\":\"BreadcrumbList\",\"@id\":\"https:\\\/\\\/bouwservicemeisen.nl\\\/?page_id=1741#breadcrumb\",\"itemListElement\":[{\"@type\":\"ListItem\",\"position\":1,\"name\":\"Home\",\"item\":\"https:\\\/\\\/bouwservicemeisen.nl\\\/\"},{\"@type\":\"ListItem\",\"position\":2,\"name\":\"Remeha Mercuria Ace Monoblock All Electric\"}]},{\"@type\":\"WebSite\",\"@id\":\"https:\\\/\\\/bouwservicemeisen.nl\\\/#website\",\"url\":\"https:\\\/\\\/bouwservicemeisen.nl\\\/\",\"name\":\"Bouwservice Meisen\",\"description\":\"Duurzame Technische Installaties\",\"publisher\":{\"@id\":\"https:\\\/\\\/bouwservicemeisen.nl\\\/#organization\"},\"alternateName\":\"BM Duurzame Technische Installaties\",\"potentialAction\":[{\"@type\":\"SearchAction\",\"target\":{\"@type\":\"EntryPoint\",\"urlTemplate\":\"https:\\\/\\\/bouwservicemeisen.nl\\\/?s={search_term_string}\"},\"query-input\":{\"@type\":\"PropertyValueSpecification\",\"valueRequired\":true,\"valueName\":\"search_term_string\"}}],\"inLanguage\":\"nl-NL\"},{\"@type\":\"Organization\",\"@id\":\"https:\\\/\\\/bouwservicemeisen.nl\\\/#organization\",\"name\":\"Bouwservice Meisen\",\"alternateName\":\"BM Duurzame Technische Installaties\",\"url\":\"https:\\\/\\\/bouwservicemeisen.nl\\\/\",\"logo\":{\"@type\":\"ImageObject\",\"inLanguage\":\"nl-NL\",\"@id\":\"https:\\\/\\\/bouwservicemeisen.nl\\\/#\\\/schema\\\/logo\\\/image\\\/\",\"url\":\"https:\\\/\\\/bouwservicemeisen.nl\\\/wp-content\\\/uploads\\\/2024\\\/01\\\/Logo_BM.jpg\",\"contentUrl\":\"https:\\\/\\\/bouwservicemeisen.nl\\\/wp-content\\\/uploads\\\/2024\\\/01\\\/Logo_BM.jpg\",\"width\":128,\"height\":128,\"caption\":\"Bouwservice Meisen\"},\"image\":{\"@id\":\"https:\\\/\\\/bouwservicemeisen.nl\\\/#\\\/schema\\\/logo\\\/image\\\/\"}}]}<\/script>\n<!-- \/ Yoast SEO plugin. -->","yoast_head_json":{"title":"Remeha Mercuria Ace Monoblock All Electric - Bouwservice Meisen","description":"Interesse in een Remeha Mercuria Ace Monoblock All Electric Warmtepomp? Start met besparen op je gasverbruik en vraag nu een offerte aan.","robots":{"index":"index","follow":"follow","max-snippet":"max-snippet:-1","max-image-preview":"max-image-preview:large","max-video-preview":"max-video-preview:-1"},"canonical":"https:\/\/bouwservicemeisen.nl\/?page_id=1741","og_locale":"nl_NL","og_type":"article","og_title":"Remeha Mercuria Ace Monoblock All Electric - Bouwservice Meisen","og_description":"Interesse in een Remeha Mercuria Ace Monoblock All Electric Warmtepomp? Start met besparen op je gasverbruik en vraag nu een offerte aan.","og_url":"https:\/\/bouwservicemeisen.nl\/?page_id=1741","og_site_name":"Bouwservice Meisen","article_modified_time":"2024-02-19T01:58:05+00:00","og_image":[{"url":"https:\/\/bouwservicemeisen.nl\/wp-content\/uploads\/2023\/11\/Remeha_Mercuria_Ace_All_electric_monoblock-300x300.webp","type":"","width":"","height":""}],"twitter_card":"summary_large_image","twitter_misc":{"Verwachte leestijd":"4 minuten"},"schema":{"@context":"https:\/\/schema.org","@graph":[{"@type":"WebPage","@id":"https:\/\/bouwservicemeisen.nl\/?page_id=1741","url":"https:\/\/bouwservicemeisen.nl\/?page_id=1741","name":"Remeha Mercuria Ace Monoblock All Electric - Bouwservice Meisen","isPartOf":{"@id":"https:\/\/bouwservicemeisen.nl\/#website"},"primaryImageOfPage":{"@id":"https:\/\/bouwservicemeisen.nl\/?page_id=1741#primaryimage"},"image":{"@id":"https:\/\/bouwservicemeisen.nl\/?page_id=1741#primaryimage"},"thumbnailUrl":"https:\/\/bouwservicemeisen.nl\/wp-content\/uploads\/2023\/11\/Remeha_Mercuria_Ace_All_electric_monoblock-300x300.webp","datePublished":"2024-01-15T23:07:41+00:00","dateModified":"2024-02-19T01:58:05+00:00","description":"Interesse in een Remeha Mercuria Ace Monoblock All Electric Warmtepomp? Start met besparen op je gasverbruik en vraag nu een offerte aan.","breadcrumb":{"@id":"https:\/\/bouwservicemeisen.nl\/?page_id=1741#breadcrumb"},"inLanguage":"nl-NL","potentialAction":[{"@type":"ReadAction","target":["https:\/\/bouwservicemeisen.nl\/?page_id=1741"]}]},{"@type":"ImageObject","inLanguage":"nl-NL","@id":"https:\/\/bouwservicemeisen.nl\/?page_id=1741#primaryimage","url":"https:\/\/bouwservicemeisen.nl\/wp-content\/uploads\/2023\/11\/Remeha_Mercuria_Ace_All_electric_monoblock.webp","contentUrl":"https:\/\/bouwservicemeisen.nl\/wp-content\/uploads\/2023\/11\/Remeha_Mercuria_Ace_All_electric_monoblock.webp","width":900,"height":900,"caption":"Wij adviseren en installeren Remeha Mercuria Ace Monoblock All Electric warmtepompen."},{"@type":"BreadcrumbList","@id":"https:\/\/bouwservicemeisen.nl\/?page_id=1741#breadcrumb","itemListElement":[{"@type":"ListItem","position":1,"name":"Home","item":"https:\/\/bouwservicemeisen.nl\/"},{"@type":"ListItem","position":2,"name":"Remeha Mercuria Ace Monoblock All Electric"}]},{"@type":"WebSite","@id":"https:\/\/bouwservicemeisen.nl\/#website","url":"https:\/\/bouwservicemeisen.nl\/","name":"Bouwservice Meisen","description":"Duurzame Technische Installaties","publisher":{"@id":"https:\/\/bouwservicemeisen.nl\/#organization"},"alternateName":"BM Duurzame Technische Installaties","potentialAction":[{"@type":"SearchAction","target":{"@type":"EntryPoint","urlTemplate":"https:\/\/bouwservicemeisen.nl\/?s={search_term_string}"},"query-input":{"@type":"PropertyValueSpecification","valueRequired":true,"valueName":"search_term_string"}}],"inLanguage":"nl-NL"},{"@type":"Organization","@id":"https:\/\/bouwservicemeisen.nl\/#organization","name":"Bouwservice Meisen","alternateName":"BM Duurzame Technische Installaties","url":"https:\/\/bouwservicemeisen.nl\/","logo":{"@type":"ImageObject","inLanguage":"nl-NL","@id":"https:\/\/bouwservicemeisen.nl\/#\/schema\/logo\/image\/","url":"https:\/\/bouwservicemeisen.nl\/wp-content\/uploads\/2024\/01\/Logo_BM.jpg","contentUrl":"https:\/\/bouwservicemeisen.nl\/wp-content\/uploads\/2024\/01\/Logo_BM.jpg","width":128,"height":128,"caption":"Bouwservice Meisen"},"image":{"@id":"https:\/\/bouwservicemeisen.nl\/#\/schema\/logo\/image\/"}}]}},"_links":{"self":[{"href":"https:\/\/bouwservicemeisen.nl\/index.php?rest_route=\/wp\/v2\/pages\/1741","targetHints":{"allow":["GET"]}}],"collection":[{"href":"https:\/\/bouwservicemeisen.nl\/index.php?rest_route=\/wp\/v2\/pages"}],"about":[{"href":"https:\/\/bouwservicemeisen.nl\/index.php?rest_route=\/wp\/v2\/types\/page"}],"author":[{"embeddable":true,"href":"https:\/\/bouwservicemeisen.nl\/index.php?rest_route=\/wp\/v2\/users\/1"}],"replies":[{"embeddable":true,"href":"https:\/\/bouwservicemeisen.nl\/index.php?rest_route=%2Fwp%2Fv2%2Fcomments&post=1741"}],"version-history":[{"count":25,"href":"https:\/\/bouwservicemeisen.nl\/index.php?rest_route=\/wp\/v2\/pages\/1741\/revisions"}],"predecessor-version":[{"id":2758,"href":"https:\/\/bouwservicemeisen.nl\/index.php?rest_route=\/wp\/v2\/pages\/1741\/revisions\/2758"}],"wp:attachment":[{"href":"https:\/\/bouwservicemeisen.nl\/index.php?rest_route=%2Fwp%2Fv2%2Fmedia&parent=1741"}],"curies":[{"name":"wp","href":"https:\/\/api.w.org\/{rel}","templated":true}]}}